{"id":12,"date":"2021-04-20T13:02:26","date_gmt":"2021-04-20T12:02:26","guid":{"rendered":"http:\/\/annaloverus.se\/?page_id=12"},"modified":"2021-04-20T13:12:22","modified_gmt":"2021-04-20T12:12:22","slug":"lar-kanna-mig","status":"publish","type":"page","link":"http:\/\/annaloverus.se\/?page_id=12","title":{"rendered":"L\u00e4r k\u00e4nna mig"},"content":{"rendered":"<p>Hej och v\u00e4lkommen till min blogg!<\/p>\n<p>Jag heter Anna Loverus och \u00e4r 32 \u00e5rig lastbilschaff\u00f6r som tycker att k\u00f6ra lastbil \u00e4r det roligaste som finns. \u00c4nda sedan jag var liten s\u00e5 har jag dr\u00f6mt om att f\u00e5 bli chauff\u00f6r och s\u00e4tta mig bakom ratten f\u00f6r att uppt\u00e4cka nya platser. Att vara chaffis \u00e4r inte alltid lika romantiskt som jag beskriver det men det absolut ett yrke som ger dig st\u00f6rre frihet \u00e4n normalt. Lastbilen som jag kallar min &#8220;j\u00e4rnh\u00e4st&#8221; tar mig fr\u00e5n punkt A till B och jag k\u00f6r b\u00e5de inom Sverige och i utlandet, fr\u00e4mst Danmark och Tyskland. Tidigare s\u00e5g man s\u00e4llan en kvinnlig lastbilschauff\u00f6r men detta b\u00f6rjar blir en allt vanligare syn numera vilket jag finner oerh\u00f6rt positivt. F\u00f6lj med mig och min &#8220;j\u00e4rnh\u00e4st&#8221; p\u00e5 denna blogg och kommentera g\u00e4rna om ni har n\u00e5got som ni vill dela med er utav.<\/p>\n","protected":false},"excerpt":{"rendered":"<p>Hej och v\u00e4lkommen till min blogg! Jag heter Anna Loverus och \u00e4r 32 \u00e5rig lastbilschaff\u00f6r som tycker att k\u00f6ra lastbil \u00e4r det roligaste som finns. \u00c4nda sedan jag var liten s\u00e5 har jag dr\u00f6mt om att f\u00e5 bli chauff\u00f6r och s\u00e4tta mig bakom ratten f\u00f6r att uppt\u00e4cka nya platser. Att vara chaffis \u00e4r inte alltid [&hellip;]<\/p>\n","protected":false},"author":1,"featured_media":14,"parent":0,"menu_order":0,"comment_status":"closed","ping_status":"closed","template":"","meta":{"footnotes":""},"class_list":["post-12","page","type-page","status-publish","has-post-thumbnail","hentry"],"_links":{"self":[{"href":"http:\/\/annaloverus.se\/index.php?rest_route=\/wp\/v2\/pages\/12","targetHints":{"allow":["GET"]}}],"collection":[{"href":"http:\/\/annaloverus.se\/index.php?rest_route=\/wp\/v2\/pages"}],"about":[{"href":"http:\/\/annaloverus.se\/index.php?rest_route=\/wp\/v2\/types\/page"}],"author":[{"embeddable":true,"href":"http:\/\/annaloverus.se\/index.php?rest_route=\/wp\/v2\/users\/1"}],"replies":[{"embeddable":true,"href":"http:\/\/annaloverus.se\/index.php?rest_route=%2Fwp%2Fv2%2Fcomments&post=12"}],"version-history":[{"count":1,"href":"http:\/\/annaloverus.se\/index.php?rest_route=\/wp\/v2\/pages\/12\/revisions"}],"predecessor-version":[{"id":13,"href":"http:\/\/annaloverus.se\/index.php?rest_route=\/wp\/v2\/pages\/12\/revisions\/13"}],"wp:featuredmedia":[{"embeddable":true,"href":"http:\/\/annaloverus.se\/index.php?rest_route=\/wp\/v2\/media\/14"}],"wp:attachment":[{"href":"http:\/\/annaloverus.se\/index.php?rest_route=%2Fwp%2Fv2%2Fmedia&parent=12"}],"curies":[{"name":"wp","href":"https:\/\/api.w.org\/{rel}","templated":true}]}}